{"id":13286,"date":"2023-09-12T00:47:43","date_gmt":"2023-09-11T22:47:43","guid":{"rendered":"http:\/\/www.fherdezsoft.com\/home\/site\/?page_id=13286"},"modified":"2025-09-12T18:29:16","modified_gmt":"2025-09-13T00:29:16","slug":"aviso-legal","status":"publish","type":"page","link":"https:\/\/www.fherdezsoft.com\/home\/site\/?page_id=13286","title":{"rendered":"Aviso Legal"},"content":{"rendered":"\n<p>Todos los elementos que conforman el contenido de esta p\u00e1gina Web, identificada por el dominio\u00a0<a href=\"https:\/\/www.acpdelsureste.com\/\">www.fherdezsoft.com<\/a>\u00a0 incluyendo los nombres comerciales, marcas \u00f3 signos distintivos que figuran en la misma, est\u00e1n protegidos por las leyes sobre Propiedad Intelectual.<\/p>\n\n\n\n<p>Los derechos de propiedad intelectual sobre los contenidos y dise\u00f1o gr\u00e1fico de \u00e9sta p\u00e1gina Web pertenecen en exclusiva a Fherdez Soft Tecnolog\u00edas S. de R.L. de C.V. (en adelante FHERDEZ SOFT), quedando expresamente prohibido su reenv\u00edo, transmisi\u00f3n, modificaci\u00f3n, reproducci\u00f3n, distribuci\u00f3n, comercializaci\u00f3n \u00f3 transformaci\u00f3n sin la autorizaci\u00f3n expresa y escrita de FHERDEZ SOFT.<\/p>\n\n\n\n<p>En consecuencia, salvo el uso para fines personales \u00f3 privados, al que expresamente se autoriza al usuario, constituir\u00e1 una infracci\u00f3n de los derechos de propiedad intelectual de FHERDEZ SOFT, proceder, total \u00f3 parcialmente, al reenv\u00edo, transmisi\u00f3n, modificaci\u00f3n, reproducci\u00f3n, distribuci\u00f3n, comercializaci\u00f3n y\/\u00f3 transformaci\u00f3n de los contenidos de la presente p\u00e1gina Web, incurriendo el usuario en la responsabilidad correspondiente.<\/p>\n\n\n\n<p>FHERDEZ SOFT se reserva el derecho a denegar en cualquier momento a su discreci\u00f3n, y sin previo aviso, el acceso de cualquier usuario a la presente p\u00e1gina Web o a una parte de la misma, cuando se efect\u00fae un uso indebido, il\u00edcito, ilegal \u00f3 no autorizado de sus contenidos.<\/p>\n\n\n\n<p>FHERDEZ SOFT se reserva igualmente el derecho a publicar \u00f3 retirar, total o parcialmente, cualesquiera informaci\u00f3n \u00f3 contenidos del servicio a su exclusiva discreci\u00f3n, quedando exonerada de cualquier responsabilidad por posibles da\u00f1os o perjuicios derivados de interferencias, interrupciones, desconexiones, virus inform\u00e1ticos, sobrecargas de l\u00edneas, aver\u00edas telef\u00f3nicas \u00f3 del sistema de Internet \u00f3 de otros sistemas electr\u00f3nicos, motivadas por causas ajenas a la misma.<\/p>\n\n\n\n<p>FHERDEZ SOFT tratar\u00e1 de mantener la informaci\u00f3n contenida en la presente p\u00e1gina Web debidamente actualizada en la medida de sus posibilidades, quedando facultada para modificarla sin previo aviso a fin de corregir los eventuales errores que, en su caso, pudieren detectarse. Los datos referentes a los productos tienen car\u00e1cter informativo. Manteniendo siempre las caracter\u00edsticas b\u00e1sicas, nos reservamos el derecho de realizar, sin previo aviso, modificaciones t\u00e9cnicas, est\u00e9ticas o de otro tipo, por razones de evoluci\u00f3n de los productos en cuesti\u00f3n.<\/p>\n\n\n\n<p>FHERDEZ SOFT no asume responsabilidad alguna sobre la veracidad de contenidos u otras fuentes de informaci\u00f3n de terceros a las que los usuarios pudieren tener acceso por medio de los links que figuren \u00f3 pudieren figurar en sus p\u00e1ginas Web.<\/p>\n\n\n\n<p><strong>Confidencialidad y protecci\u00f3n de datos<\/strong><\/p>\n\n\n\n<p>FHERDEZ SOFT pone en conocimiento del Usuario lo siguiente: que existe un fichero automatizado en el que se guardan los datos que usted proporcion\u00f3, creado por FHERDEZ SOFT para uso de la empresa y bajo su responsabilidad. El objeto de dicho fichero es mantener y gestionar la relaci\u00f3n con el usuario y proporcionar informaci\u00f3n. FHERDEZ SOFT solicitar\u00e1 al usuario los datos necesarios para proporcionar el servicio en el momento de aceptar las citadas condiciones generales.<\/p>\n\n\n\n<p><strong>Registro de ficheros y formularios<\/strong><\/p>\n\n\n\n<p>Es imprescindible rellenar el formulario de registro para poder disfrutar de algunos de los servicios que se ofrecen en la web. Si usted no proporciona los datos solicitados o no est\u00e1 de acuerdo con esta pol\u00edtica de protecci\u00f3n de datos, no podr\u00e1 apuntarse ni registrarse y tampoco podr\u00e1 tomar parte en las promociones para las que sean necesarios sus datos.<\/p>\n\n\n\n<p>Los datos personales que se obtengan de usted cuando se registre como Usuario ser\u00e1n introducidos en un fichero cuyo propietario es FHERDEZ SOFT El RFC de la empresa es FST151126468 y la direcci\u00f3n Calle 13 No.93B interior 2 Col. Yucat\u00e1n, M\u00e9rida, Yucat\u00e1n, M\u00e9xico. C\u00f3digo Postal 97050. El fichero tiene implementadas las medidas de seguridad necesarias para la confidencialidad de los datos que le sean proporcionados a la empresa.<\/p>\n\n\n\n<p><strong>Precisi\u00f3n y veracidad de los datos proporcionados<\/strong><\/p>\n\n\n\n<p>El usuario es el \u00fanico responsable de la precisi\u00f3n y veracidad de los datos. FHERDEZ SOFT queda eximida de toda responsabilidad a tal respecto. Ser\u00e1n los usuarios quienes garantizar\u00e1n que los datos proporcionados sean aut\u00e9nticos, precisos, no hayan cambiado y contin\u00faen siendo los mismos. Adquirir\u00e1n tambi\u00e9n el compromiso de mantenerlos actualizados. El usuario proporcionar\u00e1 informaci\u00f3n completa y correcta en el formulario de registro. FHERDEZ SOFT no se har\u00e1 responsable de la veracidad de informaci\u00f3n de terceros ni de informaciones que citen otras fuentes. Tampoco se har\u00e1 responsable de los hipot\u00e9ticos da\u00f1os que la utilizaci\u00f3n de dicha informaci\u00f3n pudiere causar. FHERDEZ SOFT se reserva el derecho de actualizar, modificar o borrar la informaci\u00f3n de las p\u00e1ginas web, as\u00ed como el derecho de restringir o prohibir el acceso a ellas. Si la informaci\u00f3n viene de fuentes ajenas a la empresa, FHERDEZ SOFT no ser\u00e1 responsable de ning\u00fan da\u00f1o que el usuario pueda sufrir como resultado de errores, fallos u omisiones en dicha informaci\u00f3n.<\/p>\n\n\n\n<p><strong>Pol\u00edtica de cookies<\/strong><\/p>\n\n\n\n<p>En nuestra web utilizamos cookies para mejorar tu experiencia de usuario. Si navegas por nuestro sitio web, estar\u00e1s aceptando el uso de las cookies en las condiciones establecidas en la presente Pol\u00edtica de Cookies. Esta pol\u00edtica puede ser actualizada, por lo que te invitamos a revisarla de forma regular.<\/p>\n\n\n\n<p><strong>\u00bfQu\u00e9 son y para qu\u00e9 sirven las cookies?<\/strong><\/p>\n\n\n\n<p>Las Cookies son peque\u00f1os archivos que se instalan en el ordenador o en el dispositivo durante el recorrido por las p\u00e1ginas web\/aplicaciones para mantener un registro de tus preferencias y recordarlas cuando vuelva a visitarnos. El objetivo es facilitar el uso y la navegaci\u00f3n de los usuarios.<\/p>\n\n\n\n<p><strong>\u00bfC\u00f3mo utilizamos las cookies?<\/strong><\/p>\n\n\n\n<p>Navegar por el web de\u00a0FHERDEZ SOFT\u00a0supone que se puedan instalar los siguientes tipos de cookies:<\/p>\n\n\n\n<ul class=\"wp-block-list\">\n<li><strong>Cookies imprescindibles<\/strong><br>Son estrictamente necesarias para el funcionamiento de un sitio web. Sin ellas, un sitio web no puede funcionar correctamente. Por ese motivo, no solicitamos su consentimiento expl\u00edcito respecto a estas cookies.<\/li>\n\n\n\n<li><strong>Cookies funcionales<\/strong><br>Sirven para mejorar la funcionalidad del sitio web. Se trata, por ejemplo, de cookies que recuerdan el contenido que has visualizado anteriormente en este sitio web o la direcci\u00f3n de correo electr\u00f3nico y la contrase\u00f1a proporcionadas durante el registro en una visita anterior.<\/li>\n\n\n\n<li><strong>Cookies anal\u00edticas propias o de terceros<\/strong><br>Nos facilitan informaci\u00f3n estad\u00edstica sobre el uso que los usuarios realizan del portal. Estas cookies no permiten identificar al usuario, puesto que la informaci\u00f3n que recogen es an\u00f3nima y ser\u00e1 utilizada \u00fanicamente para mejora de las p\u00e1ginas y de navegaci\u00f3n por el portal, estad\u00edsticas de uso, velocidad de las b\u00fasquedas, medici\u00f3n de la actividad del sitio web, etc. Este web utiliza la herramienta gratuita de an\u00e1lisis web Google Analytics. Si quieres m\u00e1s informaci\u00f3n puedes encontrarla aqu\u00ed:\u00a0<a href=\"https:\/\/developers.google.com\/analytics\/devguides\/collection\/analyticsjs\/cookie-usage\">https:\/\/developers.google.com\/analytics\/devguides\/collection\/analyticsjs\/cookie-usage<\/a><\/li>\n<\/ul>\n\n\n\n<p><strong>\u00bfC\u00f3mo puede evitar que se instalen las cookies?<\/strong><\/p>\n\n\n\n<p>Puedes permitir, bloquear o eliminar las cookies instaladas en tu equipo mediante la configuraci\u00f3n de las opciones de su navegador de internet. En el caso en que las bloquees, es posible que ciertos servicios que necesitan su uso no est\u00e9n disponibles. A continuaci\u00f3n te ofrecemos enlaces en los que encontrar\u00e1s informaci\u00f3n sobre c\u00f3mo puede activar sus preferencias en los principales navegadores:<\/p>\n\n\n\n<p><a href=\"https:\/\/support.mozilla.org\/es\/kb\/cookies-informacion-que-los-sitios-web-guardan-en-\">Cookies Firefox<\/a><br><a href=\"https:\/\/support.google.com\/chrome\/answer\/95647?hl=es\">Cookies Chrome<\/a><br><a href=\"http:\/\/windows.microsoft.com\/es-xl\/internet-explorer\/delete-manage-cookies#ie=ie-11\">Cookies IExplorer<\/a><br><a href=\"http:\/\/support.apple.com\/kb\/ph5042\">Cookies Safari<\/a><br><a href=\"http:\/\/help.opera.com\/Linux\/10.60\/es-ES\/cookies.html\">Cookies Opera<\/a><\/p>\n\n\n\n<p><strong>Medidas de seguridad<\/strong><\/p>\n\n\n\n<p>FHERDEZ SOFT ha tomado las medidas de seguridad necesarias para proteger datos personales. Adem\u00e1s, tratamos de instalar otras medidas y recursos t\u00e9cnicos a nuestra disposici\u00f3n para almacenar correctamente los datos proporcionados a FHERDEZ SOFT y para que nadie pueda utilizarlos con mala fe, modificarlos, perderlos, utilizarlos sin permiso o robarlos. FHERDEZ SOFT no ser\u00e1 responsable de ning\u00fan da\u00f1o si ha sido causado por las siguientes causas y si el causante es ajeno a FHERDEZ SOFT: interferencia, omisi\u00f3n, interrupci\u00f3n, virus inform\u00e1tico, aver\u00eda telef\u00f3nica o desconexi\u00f3n del sistema electr\u00f3nico; retrasos u obst\u00e1culos para utilizar el sistema electr\u00f3nico por sobrecarga en las l\u00edneas telef\u00f3nicas o en otros sistemas electr\u00f3nicos.<\/p>\n\n\n\n<p>Adem\u00e1s de lo anterior, FHERDEZ SOFT tampoco ser\u00e1 responsable si alguien fuera de su control manipula los datos. De todos modos, el usuario debe saber que las medidas de seguridad de internet no son infranqueables.<\/p>\n\n\n\n<p><strong>Aceptaci\u00f3n y consentimiento<\/strong><\/p>\n\n\n\n<p>El usuario debe estar al corriente de las condiciones para la protecci\u00f3n de datos y del tratamiento para tales efectos de FHERDEZ SOFT Algunos de los servicios ofertados en el portal pueden tener condiciones especiales y supuestos espec\u00edficos en cuanto a protecci\u00f3n de datos.<\/p>\n\n\n\n<p>Para cuanto se refiere a la interpretaci\u00f3n, cumplimiento o incumplimiento de las presentes condiciones, los intervinientes se someten expresamente a la Jurisdicci\u00f3n de los Juzgados y Tribunales de M\u00e9rida, Yucat\u00e1n, M\u00e9xico, con renuncia tambi\u00e9n expresa a cualquier otro fuero propio que pudiera corresponderles.<\/p>\n\n\n\n<p>\u201c\u00a92025 \u00a0Fherdez Soft Tecnolog\u00edas S. de R.L. de C.V. Todos los derechos reservados\u201d<\/p>\n","protected":false},"excerpt":{"rendered":"<p>Todos los elementos que conforman el contenido de esta p\u00e1gina Web, identificada por el dominio\u00a0www.fherdezsoft.com\u00a0 incluyendo los nombres comerciales, marcas \u00f3 signos distintivos que figuran en la misma, est\u00e1n protegidos por las leyes sobre Propiedad Intelectual. Los derechos de propiedad intelectual sobre los contenidos y dise\u00f1o gr\u00e1fico de \u00e9sta p\u00e1gina Web pertenecen en exclusiva a [&hellip;]<\/p>\n","protected":false},"author":1,"featured_media":0,"parent":0,"menu_order":0,"comment_status":"closed","ping_status":"closed","template":"","meta":{"inline_featured_image":false,"footnotes":""},"class_list":["post-13286","page","type-page","status-publish","hentry"],"acf":[],"_links":{"self":[{"href":"https:\/\/www.fherdezsoft.com\/home\/site\/index.php?rest_route=\/wp\/v2\/pages\/13286","targetHints":{"allow":["GET"]}}],"collection":[{"href":"https:\/\/www.fherdezsoft.com\/home\/site\/index.php?rest_route=\/wp\/v2\/pages"}],"about":[{"href":"https:\/\/www.fherdezsoft.com\/home\/site\/index.php?rest_route=\/wp\/v2\/types\/page"}],"author":[{"embeddable":true,"href":"https:\/\/www.fherdezsoft.com\/home\/site\/index.php?rest_route=\/wp\/v2\/users\/1"}],"replies":[{"embeddable":true,"href":"https:\/\/www.fherdezsoft.com\/home\/site\/index.php?rest_route=%2Fwp%2Fv2%2Fcomments&post=13286"}],"version-history":[{"count":2,"href":"https:\/\/www.fherdezsoft.com\/home\/site\/index.php?rest_route=\/wp\/v2\/pages\/13286\/revisions"}],"predecessor-version":[{"id":13914,"href":"https:\/\/www.fherdezsoft.com\/home\/site\/index.php?rest_route=\/wp\/v2\/pages\/13286\/revisions\/13914"}],"wp:attachment":[{"href":"https:\/\/www.fherdezsoft.com\/home\/site\/index.php?rest_route=%2Fwp%2Fv2%2Fmedia&parent=13286"}],"curies":[{"name":"wp","href":"https:\/\/api.w.org\/{rel}","templated":true}]}}